at is the greatest common divisor of 528 and 407?
11
What is the highest common divisor of 2 and 4910?
2
What is the greatest common divisor of 468 and 208?
52
Calculate the highest common factor of 55 and 1507.
11
Calculate the highest common factor of 240 and 210.
30
What is the greatest common divisor of 4994 and 44?
22
Calculate the greatest common divisor of 102 and 222.
6
Calculate the highest common divisor of 2030 and 70.
70
What is the highest common factor of 388 and 679?
97
Calculate the greatest common divisor of 25273 and 127.
127
What is the highest common divisor of 15 and 7305?
15
What is the greatest common divisor of 2196 and 12?
12
Calculate the highest common factor of 330 and 528.
66
What is the highest common divisor of 5748 and 12?
12
What is the greatest common divisor of 124 and 527?
31
Calculate the greatest common divisor of 61 and 1647.
61
Calculate the greatest common divisor of 17 and 22151.
17
Calculate the greatest common divisor of 23598 and 19.
19
Calculate the highest common divisor of 2499 and 588.
147
Calculate the greatest common factor of 60 and 1500.
60
Calculate the highest common divisor of 1189 and 58.
29
What is the highest common divisor of 540 and 5292?
108
Calculate the highest common factor of 13 and 143.
13
What is the highest common factor of 14 and 1234?
2
What is the greatest common divisor of 11 and 451?
11
Calculate the highest common divisor of 12 and 7932.
12
Calculate the highest common factor of 84 and 70.
14
Calculate the greatest common factor of 25 and 25.
25
What is the highest common factor of 91 and 1456?
91
What is the highest common factor of 72 and 444?
12
Calculate the highest common factor of 17586 and 18.
18
What is the greatest common factor of 534 and 36?
6
What is the greatest common factor of 82 and 2378?
82
What is the greatest common factor of 132 and 165?
33
Calculate the highest common factor of 72 and 24.
24
What is the greatest common factor of 680 and 2856?
136
Calculate the highest common divisor of 9 and 93.
3
What is the greatest common factor of 31 and 124?
31
What is the greatest common divisor of 17784 and 38?
38
What is the greatest common divisor of 57 and 703?
19
Calculate the greatest common factor of 20 and 108.
4
Calculate the highest common divisor of 48 and 216.
24
What is the greatest common factor of 1152 and 18?
18
What is the highest common factor of 656 and 16?
16
Calculate the highest common divisor of 7 and 1659.
7
Calculate the greatest common divisor of 44 and 242.
22
Calculate the highest common divisor of 4884 and 22.
22
Calculate the greatest common factor of 35 and 65.
5
Calculate the greatest common factor of 37 and 777.
37
What is the highest common factor of 24 and 1686?
6
What is the greatest common divisor of 2915 and 220?
55
Calculate the highest common factor of 28 and 805.
7
What is the highest common divisor of 1903 and 187?
11
Calculate the greatest common divisor of 76 and 209.
19
What is the greatest common divisor of 2332 and 396?
44
What is the greatest common factor of 2028 and 20618?
338
What is the highest common divisor of 94 and 36?
2
What is the greatest common factor of 24 and 32?
8
What is the highest common divisor of 16 and 656?
16
What is the greatest common factor of 4028 and 53?
53
Calculate the highest common divisor of 168 and 9.
3
Calculate the greatest common divisor of 18 and 35982.
18
What is the highest common divisor of 2052 and 1254?
114
Calculate the greatest common divisor of 475 and 1025.
25
Calculate the greatest common divisor of 18683 and 157.
157
Calculate the greatest common factor of 1690 and 610.
10
What is the highest common factor of 162 and 918?
54
Calculate the highest common divisor of 105 and 435.
15
Calculate the highest common factor of 234 and 2691.
117
What is the greatest common divisor of 167 and 7849?
167
What is the greatest common divisor of 96 and 93264?
48
Calculate the highest common divisor of 1092 and 84.
84
What is the greatest common factor of 7088 and 16?
16
Calculate the highest common factor of 44 and 858.
22
What is the greatest common factor of 105 and 60?
15
Calculate the highest common factor of 4094 and 356.
178
Calculate the highest common divisor of 117 and 675.
9
What is the greatest common factor of 34 and 14314?
34
Calculate the greatest common divisor of 32 and 28880.
16
What is the highest common factor of 60 and 255?
15
Calculate the highest common divisor of 459 and 27.
27
What is the highest common factor of 697 and 17?
17
What is the greatest common factor of 1084 and 20?
4
What is the highest common factor of 27 and 108?
27
What is the highest common divisor of 1702 and 148?
74
What is the greatest common divisor of 39 and 1157?
13
Calculate the highest common divisor of 1177 and 264.
11
What is the highest common divisor of 94 and 4?
2
Calculate the greatest common factor of 26 and 2002.
26
Calculate the greatest common factor of 303 and 1111.
101
What is the greatest common factor of 27 and 576?
9
What is the greatest common factor of 147 and 1666?
49
Calculate the highest common divisor of 1517 and 164.
41
What is the greatest common divisor of 52 and 832?
52
What is the greatest common divisor of 9 and 12633?
3
Calculate the greatest common factor of 3382 and 76.
38
What is the highest common factor of 391 and 276?
23
What is the highest common factor of 1612 and 3348?
124
What is the greatest common factor of 195 and 65?
65
What is the highest common factor of 12 and 39?
3
What is the highest common factor of 123 and 533?
41
What is the highest common divisor of 294 and 777?
21
What is the highest common factor of 175 and 140?
35
What is the greatest common divisor of 104 and 208?
104
What is the greatest common divisor of 182 and 247?
13
What is the greatest common divisor of 387 and 9?
9
What is the greatest common divisor of 1 and 34?
1
Calculate the highest common divisor of 204 and 72.
12
What is the greatest common divisor of 55 and 121?
11
What is the highest common factor of 123 and 60?
3
Calculate the highest common factor of 6 and 150.
6
Calculate the greatest common factor of 14 and 2646.
14
Calculate the highest common factor of 285 and 228.
57
What is the highest common divisor of 35 and 11655?
35
What is the highest common factor of 196 and 4214?
98
Calculate the greatest common divisor of 25081 and 21.
7
What is the greatest common divisor of 30338 and 77?
77
Calculate the highest common factor of 2097 and 9.
9
Calculate the greatest common divisor of 38059 and 7.
7
What is the highest common divisor of 288 and 16?
16
Calculate the greatest common divisor of 59437 and 49.
49
Calculate the greatest common factor of 168 and 24.
24
Calculate the greatest common factor of 4 and 108.
4
What is the highest common divisor of 5980 and 1300?
260
What is the highest common factor of 1054 and 102?
34
Calculate the greatest common divisor of 57516 and 24.
12
What is the highest common factor of 1053 and 1296?
81
What is the greatest common divisor of 161 and 49?
7
Calculate the greatest common factor of 63 and 14.
7
What is the highest common divisor of 17 and 51?
17
Calculate the greatest common factor of 341 and 143.
11
What is the greatest common divisor of 408 and 1356?
12
What is the greatest common factor of 167 and 43754?
167
Calculate the greatest common divisor of 13461 and 42.
21
What is the highest common divisor of 17 and 799?
17
What is the greatest common divisor of 28854 and 42?
42
What is the highest common factor of 2655 and 1475?
295
What is the highest common factor of 7476 and 21?
21
Calculate the highest common factor of 21624 and 1224.
408
Calculate the highest common factor of 3763 and 636.
53
Calculate the highest common factor of 30 and 13710.
30
What is the highest common factor of 88 and 44?
44
Calculate the greatest common factor of 1105 and 65.
65
Calculate the greatest common factor of 4280 and 1600.
40
Calculate the highest common divisor of 322 and 154.
14
Calculate the highest common factor of 22829 and 37.
37
Calculate the greatest common factor of 140 and 3560.
20
Calculate the greatest common divisor of 26510 and 10.
10
Calculate the highest common divisor of 45 and 261.
9
Calculate the greatest common 